0
Let v(j) = -3*j**3 - 3*j**2 + 12*j + 73. What is the units digit of v(-9)?
9
Suppose 2*f + 121 = i, 18 + 40 = -f + 3*i. Let h(r) = 90*r + 1. Let k be h(1). Let d = f + k. What is the units digit of d?
0
Let y(m) = m**3 + 6*m**2 + 5*m + 5. Let l be y(-5). Suppose -4 = -l*o + 4*o. What is the units digit of o?
4
Let b(k) = 3*k**2 - 12*k - 21. Let f be 3/(-9) - 84/(-9). What is the units digit of b(f)?
4
Suppose -f + 2*j = j - 47, 4*f + 4*j = 148. Let n(i) = 5*i + 6. Let u be n(-6). Let m = u + f. What is the tens digit of m?
1
Let h be (-5)/(-25) + (-1)/5. Suppose -368 = -4*k - 2*w, 143 = 3*k - 4*w - 144. Suppose h = 3*j - k + 24. What is the units digit of j?
3
What is the hundreds digit of ((-7 + -3211)*1)/(0 - 2)?
6
Let c(b) = -b**3 + 3*b**2 + b + 8. Let f be c(4). Let t be f*(21/(-6) + -2). Suppose 3*v - 17 - t = 0. What is the tens digit of v?
1
Let y(s) = 3*s - 2. Let z be y(2). What is the tens digit of 3/(3/z) + 43?
4
Suppose 3*k + 4900 + 3286 = 2*m, 0 = -5*m - 2*k + 20465. What is the units digit of m?
3
Let w be (-4)/(-18) + (-346)/18. Let f = w + 63. Suppose -7*p + 5*p + f = 0. What is the tens digit of p?
2
Suppose -62141 = 33*t - 225095. What is the units digit of t?
8
Let a(r) = -16 + 7 + 5 + 3*r. Let t be a(-6). Let u = t - -30. What is the units digit of u?
8
Let n(g) = 135*g + 36. What is the units digit of n(2)?
6
Suppose -13*d + 6770 = -19646. What is the tens digit of d?
3
What is the units digit of (12/(-14))/((-99)/924)?
8
Let z(t) = -t**3 + 7*t**2 - 4*t + 1. Suppose 3 = -o - 2*o. Let y be 32/(o - -5) + -3. What is the tens digit of z(y)?
3
Let g(h) be the third derivative of -95*h**4/12 - h**3/3 + 32*h**2. What is the tens digit of g(-1)?
8
Suppose -3*t + 17 = 2*p - 22, -4*t = 4*p - 56. Suppose t*y = 1524 - 391. What is the tens digit of y?
0
What is the thousands digit of (-18670)/(-13) - (-214)/(-1391)?
1
Let r(l) = 3*l**2 + 18*l + 26. What is the hundreds digit of r(12)?
6
Suppose -g - g = -84. Suppose 44 + g = b. What is the tens digit of b?
8
Suppose 3*q - 3613 = -5*k, -2*k - 3611 = -7*k - q. What is the units digit of k?
2
Suppose 107 - 2105 = -2*q + 2*f, 3*q - 2987 = -2*f. What is the hundreds digit of q?
9
What is the units digit of (-374)/(-2) - (22 - 25)?
0
Let c(f) = f + 59. What is the tens digit of c(0)?
5
Let y be 3 + (-6)/(-18) + (-4)/(-6). Suppose y*l - 118 - 42 = 0. What is the tens digit of l?
4
Let g = 188 + -99. Suppose -b = -o - 6*b + g, -3*o - 2*b = -280. What is the units digit of o?
4
Let v(z) = -4*z - 6. Let a(t) = -1. Let k(s) = -4*a(s) + 2*v(s). What is the tens digit of k(-3)?
1
Let l = 19 - 16. Suppose 4*o + 48 = l*s, 8*o - 15 = 3*o. What is the tens digit of (3 + (-68)/s)*-65?
2
Let u be -2*2 - (15 - 120). Suppose 5*s - 22 = 3*i + u, -i + 4 = 0. What is the units digit of s?
7
Let w(c) = -c + 1. Let a(x) = -6*x - 4. Let o(t) = 3*a(t) + 3*w(t). What is the tens digit of o(-5)?
9
Suppose 1166 = 3*x + 7*a - 5*a, -x + 2*a + 402 = 0. What is the hundreds digit of x?
3
Let b = -650 + 995. What is the hundreds digit of b?
3
Suppose 131*j = 133*j - 2, n + 4*j - 3272 = 0. What is the tens digit of n?
6
Suppose -77*b = -63*b - 23240. What is the thousands digit of b?
1
Let w = 169 + 671. Suppose 0 = -11*x + 3*x + w. What is the tens digit of x?
0
Suppose -15*b + 32 = b. What is the units digit of b?
2
Suppose 4*h - 3 = 3*h. Suppose -157 = -h*r - 4*g, r + 2*g = -0*r + 53. What is the tens digit of r?
5
Let m be 2/5*(-5 + 0). Let s(l) = -5*l**2 + l + 2. Let n(a) = 4*a**2 - a - 2. Let q(u) = -6*n(u) - 5*s(u). What is the units digit of q(m)?
4
Suppose 4*t - 1485 = 275. What is the hundreds digit of t?
4
Let j be 5/((-15)/(-36)) - 3. Suppose -j*s + 5 + 13 = 0. Suppose s*b - b + 2*p = 52, -4*b + 252 = -3*p. What is the tens digit of b?
6
Let b be ((-2)/(2 - 0))/(-1). Let i be (-11 - 1) + (2 - b). Let p = 4 - i. What is the units digit of p?
5
Suppose -9*r = -0*r - 288. Suppose 0 = -14*m + 354 - r. What is the tens digit of m?
2
Let i(k) = -k**3 + 16*k**2 + k - 18. Let u be i(16). Let c(j) = -38*j - 10. What is the units digit of c(u)?
6
Let a be 1 + 2 + 2 + -1. Suppose 0 = -3*t + w + 5, -a*t - 7 = -6*t - 3*w. What is the units digit of t?
2
Let y(d) = -23*d**3 - d**2 - 2*d - 1. Suppose 2 - 8 = 3*c. Let h = -3 - c. What is the tens digit of y(h)?
2
Suppose -f - 48 = -2*c, 4*c + 2*f - 5*f - 96 = 0. Suppose 5*h + 0*h = 255. Let g = h - c. What is the units digit of g?
7
Let c(d) = 2727*d**2 + 2*d - 2. What is the units digit of c(1)?
7
Let v = 822 - 392. What is the units digit of v?
0
Suppose 4*x + 5*b + 1 = 6*b, b - 1 = 3*x. Suppose -y + 5 = -x*y. Suppose t - y*t = -96. What is the units digit of t?
4
Let z = -32 + 101. Let v = z - 46. Suppose -l + 0*l + f + v = 0, 50 = 2*l + 2*f. What is the units digit of l?
4
Let m(w) = 3*w**2 - 2 - w + w**3 + 0 + 4*w**2 + 0*w**3. Let y be m(-7). Suppose y*f + c - 299 = 0, -3*f + c + 181 = 2*c. What is the units digit of f?
9
Let q(o) = -o**2 + 10*o + 3. Let h be q(9). Let g = h + 13. What is the units digit of g?
5
Let g = 48 + -43. Let y be 4 - 0*3/9. Suppose 0 = y*q - 115 - g. What is the units digit of q?
0
Suppose 35242 + 22388 = 34*y. What is the units digit of y?
5
Let h be -3 - (-1)/(2/14). Let y = h + -8. What is the tens digit of (272/6)/y*-3?
3
Suppose 15 = l + 4*l, -2 = -b + l. Suppose 14 - 39 = -b*k. Suppose 0 = -5*d - 4*w + 43 + 330, 0 = -3*d + k*w + 246. What is the tens digit of d?
7
Let g = 60 + -56. What is the tens digit of 16/(-6)*(g + (-21 - -2))?
4
Let d be 0*(7/6 - 3/2). Suppose -2*b + 564 = -d*b + 3*l, 0 = -4*b - l + 1128. What is the hundreds digit of b?
2
Let r be (-681 - 1)/(-1) + 2. Suppose 5*p = 11*p - r. What is the units digit of p?
4
Let t = 670 - 943. What is the tens digit of (-2)/(1*6/t)?
9
Suppose 6*h - 2*h = -36. Suppose 4*v = 6*v + 6. What is the units digit of 53 - (v + (-3 - h))?
0
Let u(c) = 122*c - 855. What is the tens digit of u(28)?
6
Let j(l) = -46*l + 627. What is the thousands digit of j(-39)?
2
Let j(u) = u**3 - 6*u**2 + 50*u - 1. What is the hundreds digit of j(7)?
3
Let r(j) = j + 9. Let n = 13 + -6. Suppose -3*u + 2*b + n = -24, 2*b + 20 = 2*u. What is the tens digit of r(u)?
2
Let f = 4783 + -2695. What is the thousands digit of f?
2
Let d(a) = -3*a**3 + 3*a**2 + 8*a + 4. What is the tens digit of d(-4)?
1
Suppose 0 = -x - 27 + 67. Let s = x + 4. What is the tens digit of s?
4
Suppose -5*s + 35 = -3*j, 53 = -4*j + 5*s + 13. Let g = 45 - j. Let q = g - 25. What is the tens digit of q?
2
Suppose -17*s + 14*s = -45. What is the tens digit of s*2/4*(29 - 21)?
6
Suppose -6*l = 5*q - l - 45, 0 = q + 3*l - 17. Let t be ((-66)/q)/(4/(-10)). Suppose 2*w - t - 11 = 0. What is the units digit of w?
2
Let j = 4044 + -1993. What is the tens digit of j?
5
Suppose -14*t + 1939 = -1449. Suppose 4*k - 650 + t = 0. What is the hundreds digit of k?
1
Let b(m) = 220*m - 5. What is the hundreds digit of b(1)?
2
Let c(i) = -i + 1. Let r be c(-10). Let w = r - -8. What is the units digit of w?
9
Suppose 4 - 20 = -4*p. Let m be (-21)/(-14) + 6/p. Suppose 3*l + q - m - 100 = 0, -3*q + 105 = 3*l. What is the tens digit of l?
3
Let v(n) = -n + 193. Suppose 3*x = -2*k - 8, x - 4*k + k = 12. What is the hundreds digit of v(x)?
1
Let x(d) = 5*d**2 - 3*d + 1. What is the units digit of x(-6)?
9
Suppose -16*t + 8196 + 20268 = 0. What is the units digit of t?
9
Suppose 2*a = 3*i, 0 = -2*a + 2*i - 2 + 4. Suppose -4*q + 388 = -a*h, 9*q = 4*q + h + 485. What is the units digit of q?
7
Let k(m) = -3*m. Let i be k(-1). Suppose -i*f + 72 = -2*f. Suppose 56 = d + 3*d - 2*l, -2*l + f = 4*d. What is the tens digit of d?
1
What is the units digit of 1 - -9 - 6 - (-5108)/4?
1
Suppose 50 = -4*v + 10. What is the units digit of 1/v*-294 + (-2)/5?
9
Let k(z) be the second derivative of z**3/6 + 14*z. Let v be k(3). Suppose -w + 3*x + 54 = -x, 0 = -v*w - 5*x + 162. What is the tens digit of w?
5
Let x = 118 - 201. Let n = x + 107. What is the units digit of n?
4
Let d(q) = 4*q + 11. Let r be d(-6). Let c(k) = k**3 + 15*k**2 + 14*k - 15. What is the tens digit of c(r)?
4
Suppose -4*p + 52 = 5*y - 4, -4*p = -2*y. Let o(q) = q**3 - 7*q**2 - 8*q + 7. Let m be o(y). Let n = m - 6. What is the units digit of n?
1
Let o(j) = 7*j**2 - 4*j - 11. Let q be o(-2). Suppose 